et s = -337 + b. Let v(j) = 12*j**3 + j**2. Give v(s).
13
Suppose -2*c + 3*z - 14 = 0, -4*z = z. Let k(v) = -v - 11891. Let r(i) = -4753. Let d(s) = 2*k(s) - 5*r(s). Give d(c).
-3
Suppose -9*v - 15*v - 50*v = 0. Let t(y) = y**2 - 8*y + 4. Calculate t(v).
4
Let s be ((-10)/(-15))/((-4)/(-6)). Suppose -2*w + 8 = 3*v - 3*w, -4*w - 2 = 3*v. Let o(r) = -10*r**2 + 18*r**v + 0*r - 2*r - 1 + 4*r. Give o(s).
9
Let r(a) = -a + 4. Let c(n) = n**2 + 19*n - 4. Let w(x) = x**2 + 11*x - 2. Let i be w(-9). Let o be c(i). Suppose 8*k - o = 24. What is r(k)?
-1
Let f(r) = -r + 87. Let z(j) = 196*j + 4900. Let n be z(-25). What is f(n)?
87
Let q be 6/(-12)*-437 + (-1)/(-2). Suppose 0 = 7*d - q + 184. Let x(h) = -h - 1. Let p(f) = -4*f - 4. Let b(w) = 2*p(w) - 7*x(w). Give b(d).
-6
Let s(x) = x**2 + x + 14. Let g be (6 + -8)/(1 + 54/(-58)). Let h = -27 - g. Suppose 0 = -t, h*p - 5*t = p. Determine s(p).
14
Suppose -3428*a + 3*z = -3429*a - 20, -5*z = 20. Let l(x) be the first derivative of -x**2/2 - 11*x + 1. Give l(a).
-3
Suppose 0 = 25*j - 20*j + 5. Let l(n) = 2*n + 4. Let t be l(-1). Let c(q) = -32*q**2 - 10*q**3 - q + 70*q**t - 39*q**2 - 1. Give c(j).
9
Let k(f) = 15*f**2 - 39*f - 115. Let z(w) = -2*w**2 + 6*w + 16. Let d(b) = 3*k(b) + 22*z(b). Give d(-12).
-29
Let r = -20 + 23. Suppose u - r*a = -u + 10, 8 = 3*u - a. Let d(q) = -4 + 3 - 10*q + 13 + q**u. What is d(8)?
-4
Let u(c) = 5*c - 3. Let q = 74 - 68. Suppose -4*k + 55 = -9*k. Let w(f) = 9*f - 6. Let j(r) = k*u(r) + q*w(r). Calculate j(-2).
-1
Let m(p) = -11*p**2 - 20*p + 63. Let y(t) = 15*t**2 + 15*t - 63. Let h(n) = 4*m(n) + 3*y(n). Give h(33).
-3
Let j(v) = -17*v + 42. Let s(m) = 9*m - 23. Let t(p) = -5*j(p) - 9*s(p). Determine t(5).
17
Let l(r) = 333 + 2*r**2 - 318 - 4*r**2 + 34*r + 4*r**2. Let u(k) = k**2 + 16*k + 8. Let h(f) = 2*l(f) - 5*u(f). Let t be -9 + 4 + -2 + -1. What is h(t)?
22
Let a(v) = 2*v + 3. Let m be a(2). Let h(r) = 3*r**2 - 4*r - 2. Let d be h(2). Let u(z) = 146 + z**3 - d*z**2 + z - 5*z**2 - 148. Determine u(m).
5
Let y(q) be the third derivative of 11*q**4/24 - 52*q**3/3 - 942*q**2. Give y(7).
-27
Let n(d) = 74 + 11 - 9 + 23 + 1029*d - 1032*d. Give n(33).
0
Suppose -50 = -3*z - 2*z + 4*i, 0 = i. Let g be (-1)/(-5)*-1 + 12/z. Let v(c) = -2*c**3 - c**2 + c. Give v(g).
-2
Let g(h) = 7*h + 10*h - 1331 - 1384 + 2752. What is g(-6)?
-65
Let u = -6 - 6. Suppose -184 = -17*p + 20. Let n(j) = -j**2 - p - 213*j + 201*j + 10. What is n(u)?
-2
Let y be (-6)/24*-20 - (9 + 1). Let q be 45/y + 12/(-4). Let g(i) = i**3 + 11*i**2 - 13*i + 4. Determine g(q).
16
Suppose -2021 = -5*h + 1679. Let g(f) = 735 - 1470 + h - f. Let n be -2*(-1)/3*9. Calculate g(n).
-1
Let j(b) = -592*b**2 + 5*b - 6*b + 4*b + 591*b**2 + 79. Determine j(10).
9
Let j = 0 + -2. Let p(t) = 4*t + 594 + 619 - 1207. Let b be p(j). Let n(c) = 4*c + 2. What is n(b)?
-6
Let c(m) = m**2 + 6*m + 13. Suppose -d = 2*b + 9, -17*d + 25*d - 5*b + 51 = 0. Calculate c(d).
20
Suppose 5*y = 5*p - 15, -4*y = 4*p - 1500 + 1512. Let x(u) = -u + 82. Calculate x(p).
82
Let j(w) = -w**3 - 11*w**2 - 24*w - 1. Let h be ((-1334)/897 + 2/13)*6. What is j(h)?
-1
Suppose 23*y - 337 = -45*y - 65. Let k(j) = j**2 + 3*j - 8. What is k(y)?
20
Let u(p) = -2*p - 13. Let l(t) = -t**2 - 11*t - 36. Let w be l(-3). Let r be u(w). Let m(j) = -j**2 + 10*j + 16. Determine m(r).
5
Let s(q) = q**3 - 12*q**2 - 75*q - 3. Let x(v) = 2*v**3 - 23*v**2 - 151*v - 11. Let m(d) = 5*s(d) - 2*x(d). What is m(18)?
-11
Let c(l) = -4*l**2 - 17*l + 84. Let x be c(8). Let v = x - -316. Let o(r) = -3*r + 31. What is o(v)?
7
Suppose 4*q + 28 = -6*i, -12 + 47 = -5*q - i. Let u(j) = j**3 + 2*j**2 - 33*j - 8. Give u(q).
-22
Let p(b) = -4*b**3 + b**2 - b - 1. Suppose -3*y = s - 3*s - 26, -y + 2*s = -6. Let r(x) = -x**2 + 9*x + 11. Let d be r(y). Suppose d = v + 2. Calculate p(v).
5
Let l(o) = o**2 - 40*o + 176. Let t be l(5). Let v(c) be the third derivative of -2*c**5/15 - c**3/6 + 19*c**2. Determine v(t).
-9
Let k(c) be the first derivative of c**4/4 - 26*c**3/3 - 27*c**2/2 - 8*c - 12556. What is k(27)?
-8
Let q(r) be the first derivative of -5*r**2/2 + 10*r - 425. What is q(7)?
-25
Suppose 0 = 3*a - 5*y - 78, -4*y = 2*a + y - 27. Suppose 7 = -8*m + 5*m + 4*p, 3*m + 3*p + a = 0. Let g(t) = -t**2 - 4*t - 4. What is g(m)?
-9
Suppose 51 = 5*c + 4*d + 17, -2*c = 3*d - 15. Let t(k) = 15*k - 86. Determine t(c).
4
Let r(g) = -8*g**2 - 9*g + 3. Let o be (2/(-1))/(-35 + 34). Calculate r(o).
-47
Let v(o) = -o**2 - 25*o - 43. Let u(r) = -459*r + 3190. Let t be u(7). Determine v(t).
3
Let r(p) be the third derivative of -p**5/60 + 7*p**4/24 + p**2. Let n = 1 - -2. Suppose n*h + 10 = 22. What is r(h)?
12
Let v = -289 - -283. Let w(k) = 5*k**3 - 9*k**2 - k + 3. Let q(u) = u**3 - u**2 - u + 1. Let n(d) = v*q(d) + w(d). What is n(-4)?
-7
Let d(j) = 58. Let a(s) = 3*s + 113. Let o(z) = -3*a(z) + 5*d(z). What is o(-6)?
5
Let i(r) = -r + 6. Let h be i(3). Suppose -h*c + 7 = -g, 2*c + 4*g + 19 = 5. Let f(n) = -c + 11*n**2 - 10*n + 11*n**2 - 23*n**2. What is f(-10)?
-1
Let d(f) = f**3 - 3*f**2 + 7*f - 16. Suppose -321 = -2*k - 309, 4*m + 4*k - 40 = 0. Calculate d(m).
28
Let m(d) = 28*d - 78. Let w be m(14). Let b(c) = -w*c**2 + 0 + 4 - 8*c + 2*c + c**3 + 308*c**2. What is b(7)?
11
Let m = 62 + -57. Suppose -40 = -4*v - 4*i + i, v - m*i = -13. Suppose 13 = a - 3*r, -4*a + 3*r + 18 = -v. Let p(c) = 2*c - 2. Calculate p(a).
6
Let m(u) be the first derivative of 4*u + 1/4*u**4 - 11/3*u**3 + 203 - 1/2*u**2. Determine m(11).
-7
Suppose -o - 11 = 2*q, 3*o + q + 21 = -2*q. Let t = 12 + o. Let r(z) be the third derivative of z**4/24 + z**3/2 - 6982*z**2 + 2*z. Determine r(t).
12
Let m = 108 + -106. Let s(b) = -m*b**2 - 2*b + 0*b - 1 + 2*b. Let t(x) = x**3 + 3*x**2 + x + 2. Let j be t(-3). Give s(j).
-3
Let l(t) = -4*t + 4. Let s be (1 - -1 - (-25 + -8)) + -3. Let z(b) = 2*b**2 + 8*b + 9. Let x be z(-6). Suppose 3*v - 3*i = -v + s, -5*v + 2*i = -x. Give l(v).
-16
Let i(m) be the first derivative of 43*m**2/2 - 230*m + 3462. Determine i(6).
28
Let q(d) = -17*d + 9. Suppose 5*s - s - 4 = 0. Let y be q(s). Let c(h) = -3*h - 18. Determine c(y).
6
Suppose 34*j + 10 = 33*j. Let m(r) = -2*r**2 - 16*r + 44. Let y be m(j). Let s(x) = -2*x. Calculate s(y).
-8
Let i(x) = -7*x**3 + 45*x**2 + 16*x - 10. Let n(q) = 8*q**3 - 54*q**2 - 17*q + 12. Let d(h) = 7*i(h) + 6*n(h). What is d(-10)?
2
Suppose 5*t = -3*i + 317, -5*t + 4*t = 2*i - 216. Suppose -14*c = 25 - i. Let k(l) = -5 + 3*l - 8 - c*l + 2. Determine k(-8).
13
Let j(f) = -f**2 + 8*f + 26. Suppose -5*g = -3*p + 143 - 90, -2*g = 3*p - 25. Give j(p).
-7
Let n(c) be the second derivative of c**8/6720 - c**7/504 - c**6/180 - c**5/15 - 3*c**4/2 + 2*c - 2. Let a(w) be the third derivative of n(w). Determine a(6).
4
Let c(d) be the third derivative of 7*d**4/6 - 89*d**3/6 + 165*d**2. Let o be c(3). Let k(x) = 2*x + 12. What is k(o)?
2
Let l(r) = -2 + 1 + 37*r + 3 + 45*r - 81*r. Suppose 1 = 2*o + 3. Calculate l(o).
1
Let g(a) = a**3 + 13*a**2 + 6. Let f be ((-1)/(-3)*-1)/((-15)/(-585)). Determine g(f).
6
Let t be (-1)/2 + (24/(-16) - -1). Let i(y) = y**3 + y**2 - y + 1. Let n(u) = 4*u**3 + 9*u**2 - 10*u - 6. Let g(z) = t*n(z) + 3*i(z). Give g(-7).
9
Let k(m) = 6*m**3 + 15*m**2 + 14*m - 15. Let c(h) = 2*h**3 + 5*h**2 + 5*h - 5. Let u(a) = -8*c(a) + 3*k(a). Determine u(-4).
-61
Let b be 2 + 1 + (-64)/(-16). Let d(x) = 0*x - b*x + 3*x. Give d(1).
-4
Suppose 39*o = 22 + 103 - 8. Let c(y) = -44*y + 133. Calculate c(o).
1
Suppose -6 = 2*y, 0 = r - 0*r - 3*y - 15. Let j = 13 - 10. Let d(c) = -1. Let z(n) = -n**3 + 5*n**2 + 7*n - 8. Let o(k) = j*d(k) - z(k). What is o(r)?
-1
Let x = 14602 - 14614. Let c(g) = g**2 + 11*g - 22. What is c(x)?
-10
Suppose -5*l - 56 + 91 = 0. Let s(m) be the third derivative of -m**3/6 - 6*m**2. Let a(q) = q**3 - 6*q**2 - 6*q + 4. Let b(t) = -a(t) - 2*s(t). What is b(l)?
-9
Let y(l) = -3*l**3 + 2*l. Suppose 222 = 8*p - 466. Let o = 62 - p. Let k be 1/((-6)/o + 2/8). Calculate y(k).
-20
Let b(z) = 6*z**3 + z**2 - z - 4. Let m be b(3). Let x = 156 - m. Let r(g) = -g + 2. Give r(x).
10
Suppose 0 = -109*q + 110*q - 2. Suppose 4*i = -8, 4 = -q*y + 2*i + 12. Let k(h) = h**3 + 0*h**3 - 2*h**2 - 3 + 2*h + 0*h**3. Determine k(y).
1
Let r(m) = m + 1. Suppose -62*l + 10